3 + 4*j**2 - 9*j + 13. What is the units digit of t(h)?
8
Let l be 15/(-3)*-1 + 0. Suppose 2*t + 332 = 3*b, -87 = -l*b - 3*t + 460. What is the units digit of b?
0
Let u(d) = -d**2 + 3*d - 14. Let l be u(5). Let o = 33 + l. Suppose 2*s = 4*x - o*x + 90, -x - 78 = -2*s. What is the units digit of s?
0
Let j be 5/(-2)*2 - (-26554)/11. Suppose -1207 = -2*x - 6*b + 3*b, 0 = -4*x - b + j. What is the hundreds digit of x?
6
Let d = 187 - 184. Suppose -r = d*t - 3702, 5*r = t - 1530 + 280. What is the thousands digit of t?
1
Let n(c) = c**3 + 28*c**2 + 26*c - 27. Let b be n(-27). Suppose -15*d + 16 - 1 = b. What is the units digit of 32 - (-4 + d)*1?
5
Let g be (3 - 0 - -3) + 3. Suppose g*t - 1937 - 1978 = 0. What is the units digit of t?
5
Suppose -38*v - 16 = -42*v. What is the units digit of 70/v*(-5018)/(-65)?
1
Suppose -2*u + 13367 = 11*s - 10*s, -s = 4*u - 26735. What is the hundreds digit of u?
6
Let y = 1587 + -783. Suppose 22*z = 25*z - y. What is the hundreds digit of z?
2
Let i = -25635 + 51830. What is the units digit of i?
5
Let b(p) = 10*p**2 + 24*p - 34. Let i be b(-14). Suppose 0 = 2*q + 5*w - i, -3*q + 7*w = 3*w - 2385. What is the hundreds digit of q?
7
Let w = -20817 + 35268. What is the units digit of w?
1
What is the units digit of 0 + 4429 - (-20 - -15)?
4
What is the ten thousands digit of (1*-17467)/(-18 - -17)?
1
Let r be (-1)/((-4)/(-88)*-2) + 1. Suppose 5*g + 10 = -a - a, -3*a = 3*g + 6. What is the tens digit of r*31*g/(-3)?
4
Suppose -3*a + f + 346 = 0, 0 = 3*a - 5*a - 2*f + 236. Let g = a + -120. What is the tens digit of ((-26)/g)/(24/240)?
6
Let j(f) = -f**3 - 8*f**2 - 4*f + 6. Let i(m) = 5*m - 1. Let y be i(13). Let s = y - 73. What is the tens digit of j(s)?
2
Let t = -47 + 52. Suppose -247 = -t*y + 3*r, 0*y - 2*y + 3*r + 97 = 0. Let j = 0 + y. What is the tens digit of j?
5
Suppose -2*y = 11*f - 13*f + 18, -5*y - 23 = -3*f. Suppose f*c = 4009 + 7750. What is the thousands digit of c?
1
Suppose j + 3*j - 2*f = 32, 46 = 5*j - 4*f. Suppose -j*q + 0*q - 1350 = 0. Let c = -161 - q. What is the tens digit of c?
6
Let n(g) = 861*g**2 - 87*g - 87. What is the hundreds digit of n(-1)?
8
What is the hundreds digit of ((-1764)/(-189))/(4/450)?
0
Suppose 5*o - 170826 = -4*s - 20, s = -2*o + 68320. What is the units digit of o?
8
Suppose 25780 = 37*s - 33*s. What is the tens digit of s?
4
Suppose -3*r = -210 - 93. Suppose 0 = 2*v - 4*i - 38, 3*v + 3*i - 1 = r. What is the tens digit of v?
2
Let t(p) = -142*p - 160. Let d be t(-23). Suppose -4*u - 4*h = 414 - d, -2*u - 3*h + 1349 = 0. What is the units digit of u?
0
Suppose 5*j - 1342 = 3*x, -3*x + 790 = 3*j - 44. Suppose -251 = v - 90. Let w = v + j. What is the tens digit of w?
1
Let p(j) = j**2 - j - 2. Let q be p(-2). Suppose -12*y + q*y = -4264. What is the tens digit of y?
3
Let q = -3258 - -3250. Let p = -67 - -95. What is the units digit of 9/7 + q/p?
1
Let u(a) = -5*a. Let n(y) = -y**2 - 5. Let f be n(0). Let c be u(f). Suppose 0 = 10*l - c*l + 3180. What is the tens digit of l?
1
Let d = -1716 + 12528. What is the units digit of d?
2
Suppose -20 = 2*t - 26. Suppose -4*w + 28 = -t*l, w = 6*w + 3*l - 8. Let a(o) = 3*o**3 + 2*o**2 - 6*o + 1. What is the units digit of a(w)?
1
Suppose 71*s + 127197 = 643651. What is the tens digit of s?
7
Let b(a) = a + 12. Let d be b(-6). Let m(h) = h**2 + 494*h + 9188. Let o be m(-19). What is the tens digit of 1*-4*(7 - d) + o?
5
Let s = 36860 - 28566. What is the thousands digit of s?
8
Suppose -4*n + 11 = -9. Suppose 3*z - 34 = -5*l + l, -5*z = 4*l - 30. What is the units digit of 93 - n*6/l?
0
Let j(l) = 2*l**3 + 6*l**2 - 8*l - 4. Let n(h) = h**3. Let d(b) = j(b) - n(b). Let t be d(-7). What is the tens digit of -18*((-20)/t + 2)?
8
What is the hundreds digit of 10/4*(-21)/(4095/52)*-107790?
8
Suppose -3*y + 2*m + 2*m + 20 = 0, -3*m = -y + 5. Suppose y*i - 172 = 12*i. What is the units digit of -1*(i + 4/(-3)*-3)?
9
What is the hundreds digit of (-3879468)/(-697) + 10/205?
5
Let d = -33 - -38. Suppose 5*v - j = 2283, d*v - 2*v = j + 1371. What is the tens digit of v?
5
Let d(w) = 6 + 12*w + 1 - 2. Let j(x) = 13*x + 5. Let m(s) = -7*d(s) + 6*j(s). What is the tens digit of m(-3)?
1
Let k(v) = 14*v + 94. What is the tens digit of k(6)?
7
Suppose 5*x - 685 = -h + 37, h - 728 = x. Let a = h - 58. What is the units digit of a?
9
Let r(v) = -3*v - 2*v + 0 + v**3 - 4*v**2 + 0. Let q be r(5). Suppose -5*i = 5*w - 2*i - 863, -w - 2*i + 174 = q. What is the units digit of w?
2
What is the units digit of (46/5 + 0)*(1419 - (2 + 2))?
8
Suppose -l - 20 = -11*l. Suppose -4*m + l*y + 12 = 0, -4*y + 15 = m + 4*m. Suppose 0 = -5*j - m*a + 1109, -331 - 534 = -4*j + 5*a. What is the units digit of j?
0
Suppose -3392466 = -28*k - 72*k + 23*k. What is the hundreds digit of k?
0
Let r(s) = 3364*s**2 + 41*s - 24. What is the thousands digit of r(-3)?
0
What is the hundreds digit of (32/10 + 2/(-10) - 4) + 23525?
5
Let a(y) = 196*y**2 - 1 - 47*y**2 + 311*y**2 - 2*y. What is the hundreds digit of a(-1)?
4
Suppose 0*q - 8 = 4*q, -o + 11 = -5*q. Let n be (o - 2)/(-3)*(-20 + 20). Suppose -3*z = 5*l - 161 - 197, n = -4*z + l + 508. What is the tens digit of z?
2
Suppose -6*o = 5*c - 4*o - 10, -4*c - 2*o = -6. Let a(u) = 12*u**3 - 3*u**2 + 9*u - 22. What is the units digit of a(c)?
4
What is the hundreds digit of ((-28904)/(-26))/(434/2821)?
2
Let c be ((-4)/(-3))/(236/531). Suppose 374 + 151 = c*y. What is the hundreds digit of y?
1
Let o = 71191 + -43891. Suppose -56*y = -31*y - o. What is the tens digit of y?
9
Suppose 824*x = 826*x - 3438. What is the tens digit of x?
1
What is the tens digit of ((-86410)/25)/((-54)/135)?
4
Let i = 777 + -775. Suppose -3246 = -5*m + i*h + 1374, 2*h = -2*m + 1862. What is the units digit of m?
6
What is the hundreds digit of (-7885)/(-10)*(84 - 2)?
6
Let c = -5654 - -15933. What is the hundreds digit of c?
2
Let d = -12018 + 16819. What is the thousands digit of d?
4
Let x(j) be the first derivative of -j**4/2 + 5*j**2 + 16*j + 1. Let n = -7858 + 7853. What is the units digit of x(n)?
6
What is the hundreds digit of (-275154)/4*(-84)/126?
8
Suppose -3*i + 3226 = -9287. What is the units digit of i?
1
Suppose 2*p - 478 = -0*p. Let n(j) = 7*j**2 + 47*j - 172. Let o be n(4). Let v = p - o. What is the hundreds digit of v?
1
Let m = -26 - -15. Let s be ((-5)/(-6))/((-58)/(-1392)). Let r = m + s. What is the units digit of r?
9
Suppose 4*k + t - 28 = 13, 2*t = -2*k + 28. Suppose 0 = -k*b + 17 + 19. What is the units digit of 53 - (-16)/b - 0?
7
Let g(n) = -79*n**3 - 86*n**3 - 6 + 3*n - n**2 + 167*n**3. Let o be g(2). Suppose -o*k + 9*k = -360. What is the hundreds digit of k?
1
Suppose -p + 0*s + 1972 = -5*s, 0 = 4*p + 5*s - 7938. What is the units digit of p?
2
Let d be (14*1)/((-44)/(-3058)). Suppose w - d = -79. What is the hundreds digit of w?
8
Suppose 0 = -7*r + 20 + 1. Suppose -3*t - r = -6*t, 4*w - 493 = -t. What is the tens digit of w?
2
Let z = 21505 - 10532. What is the tens digit of z?
7
Let q = -51 - -114. Let p = 64 - q. Let j(w) = 30*w**3 - w**2 - w + 2. What is the units digit of j(p)?
0
Let x = 20978 - 10028. What is the units digit of x?
0
Suppose -777*g = -783*g + 14214. Suppose -5*q + 0*q - 4*h = -2367, 5*q + 3*h = g. What is the tens digit of q?
7
Suppose -154670 = -48*s - 35966. What is the tens digit of s?
7
Suppose -72*i = -32*i - 216600. What is the tens digit of i?
1
Suppose -29*s = -33*s + 20. Let i be (s/((-10)/(-8)))/(-2). What is the units digit of i*-2*4/16*5?
5
Suppose 0 = -4*v - 14 + 30. Suppose -2*s = -n + 14, -v*n - 7*s + 56 = -2*s. Suppose 5*k - n = 571. What is the tens digit of k?
1
Suppose 11*i - 30*i = 475. What is the tens digit of (116/(-20))/(5/i)?
2
Let g be 19 + (-1 - -2) + (4 - 4). Suppose -g = -4*b - b. Let v(p) = 3*p**3 - 2*p**2 - 6*p + 3. What is the hundreds digit of v(b)?
1
Let q = 36 + -34. What is the units digit of 826/q + 1 - 7?
7
Let c be (-267*2/(-9))/((-11)/(-66)). Suppose 6*h - 8*h + 237 = k, 3*h + k = c. What is the units digit of h?
9
Suppose 6*a + 841 = 883. What is the tens digit of (-1454)/(7*2/a - 4)?
2
Let u(f) = 4*f**3 - 29*f**2 - 67*f + 20. Let t(m) = 3*m**3 - 27*m**2 - 67*m + 19. Let r(k) = 5*t(k) - 4*u(k). What is the thousands digit of r(-20)?
1
Suppose -p -